e
Is 2778 a multiple of 6?
True
Does 23 divide 11160?
False
Is 161 a factor of 6929?
False
Does 68 divide 16864?
True
Does 111 divide 17514?
False
Does 5 divide 9?
False
Is 59 a factor of 66?
False
Is 195 a factor of 290?
False
Is 2262 a multiple of 29?
True
Is 2405 a multiple of 65?
True
Is 10946 a multiple of 26?
True
Is 48320 a multiple of 282?
False
Is 3 a factor of 30508?
False
Is 16575 a multiple of 51?
True
Does 54 divide 3024?
True
Is 64 a factor of 1600?
True
Is 28906 a multiple of 194?
True
Does 73 divide 17063?
False
Does 3 divide 20781?
True
Does 17 divide 12376?
True
Is 494 a multiple of 19?
True
Is 103 a factor of 60645?
False
Is 82 a factor of 2132?
True
Is 5 a factor of 11205?
True
Does 18 divide 373?
False
Is 4 a factor of 62?
False
Does 105 divide 735?
True
Does 136 divide 56304?
True
Does 102 divide 112052?
False
Does 6 divide 102?
True
Is 672 a multiple of 21?
True
Is 8013 a multiple of 26?
False
Is 151 a factor of 5771?
False
Is 1795 a multiple of 35?
False
Is 16720 a multiple of 20?
True
Does 10 divide 38055?
False
Is 1395 a multiple of 31?
True
Is 11 a factor of 1804?
True
Is 47970 a multiple of 109?
False
Is 18 a factor of 1188?
True
Does 19 divide 2622?
True
Does 17 divide 4613?
False
Is 16 a factor of 1443?
False
Is 3 a factor of 71?
False
Does 7 divide 12690?
False
Is 2346 a multiple of 29?
False
Does 150 divide 1800?
True
Is 1260 a multiple of 60?
True
Is 271 a multiple of 84?
False
Does 4 divide 1688?
True
Does 16 divide 692?
False
Is 39 a factor of 195?
True
Does 31 divide 1117?
False
Is 16 a factor of 14802?
False
Does 7 divide 472?
False
Is 51 a factor of 1451?
False
Is 24 a factor of 89841?
False
Is 578 a multiple of 17?
True
Is 9705 a multiple of 6?
False
Is 1587 a multiple of 23?
True
Is 6214 a multiple of 13?
True
Is 81 a factor of 2025?
True
Is 13 a factor of 429?
True
Does 29 divide 30827?
True
Is 44 a factor of 31504?
True
Is 24956 a multiple of 32?
False
Does 32 divide 1901?
False
Does 57 divide 32205?
True
Is 12 a factor of 2388?
True
Is 27 a factor of 1053?
True
Does 19 divide 21329?
False
Is 1185 a multiple of 15?
True
Is 1904 a multiple of 34?
True
Is 8632 a multiple of 11?
False
Is 22 a factor of 2440?
False
Is 3 a factor of 41?
False
Is 39 a factor of 5499?
True
Is 144 a factor of 59641?
False
Is 963 a multiple of 35?
False
Is 7 a factor of 959?
True
Is 390 a multiple of 41?
False
Is 4421 a multiple of 101?
False
Is 86 a factor of 120658?
True
Is 1017 a multiple of 145?
False
Does 6 divide 1896?
True
Is 5640 a multiple of 60?
True
Is 10 a factor of 1063?
False
Is 9661 a multiple of 36?
False
Does 55 divide 4730?
True
Is 10 a factor of 509?
False
Is 23 a factor of 5773?
True
Does 118 divide 1180?
True
Does 14 divide 672?
True
Does 31 divide 682?
True
Is 106 a multiple of 3?
False
Is 8 a factor of 80?
True
Does 20 divide 680?
True
Is 42876 a multiple of 267?
False
Is 32 a factor of 352?
True
Is 196 a multiple of 49?
True
Does 18 divide 489?
False
Is 142 a factor of 41890?
True
Is 11 a factor of 2843?
False
Is 110 a multiple of 10?
True
Does 12 divide 1692?
True
Is 87 a factor of 2175?
True
Does 48 divide 8124?
False
Is 160 a multiple of 8?
True
Is 163 a factor of 48085?
True
Is 2 a factor of 57?
False
Does 7 divide 5726?
True
Does 30 divide 2116?
False
Does 144 divide 22284?
False
Does 17 divide 88?
False
Is 4216 a multiple of 6?
False
Is 56 a factor of 1568?
True
Is 2060 a multiple of 9?
False
Is 6 a factor of 486?
True
Is 10 a factor of 65282?
False
Is 17 a factor of 826?
False
Is 3 a factor of 816?
True
Does 9 divide 414?
True
Is 1379 a multiple of 8?
False
Is 7168 a multiple of 56?
True
Does 8 divide 69464?
True
Is 9 a factor of 666?
True
Is 29 a factor of 12043?
False
Does 6 divide 2586?
True
Is 49 a factor of 931?
True
Is 577 a multiple of 46?
False
Is 1835 a multiple of 14?
False
Does 17 divide 15243?
False
Does 9 divide 5064?
False
Does 12 divide 11957?
False
Is 13 a factor of 65?
True
Is 3 a factor of 3648?
True
Does 8 divide 9176?
True
Is 5 a factor of 217?
False
Does 76 divide 32037?
False
Is 23083 a multiple of 41?
True
Does 15 divide 121791?
False
Does 35 divide 271?
False
Is 12 a factor of 4164?
True
Is 11 a factor of 143?
True
Does 11 divide 495?
True
Is 23793 a multiple of 231?
True
Is 6695 a multiple of 5?
True
Is 23868 a multiple of 204?
True
Is 4738 a multiple of 103?
True
Is 23 a factor of 8303?
True
Is 57 a factor of 969?
True
Is 33 a factor of 8217?
True
Is 12 a factor of 55140?
True
Is 2672 a multiple of 8?
True
Does 21 divide 3927?
True
Is 4830 a multiple of 69?
True
Is 3 a factor of 982?
False
Is 184 a multiple of 46?
True
Does 3 divide 121?
False
Is 1521 a multiple of 9?
True
Does 48 divide 3633?
False
Is 32 a factor of 31072?
True
Is 11904 a multiple of 24?
True
Does 7 divide 89231?
False
Is 650 a multiple of 34?
False
Is 15678 a multiple of 93?
False
Is 87 a factor of 378?
False
Is 9 a factor of 8640?
True
Is 64272 a multiple of 35?
False
Does 61 divide 3965?
True
Does 3 divide 672?
True
Is 32625 a multiple of 87?
True
Does 46 divide 55154?
True
Is 14 a factor of 3709?
False
Is 20 a factor of 268?
False
Does 5 divide 9960?
True
Does 283 divide 31710?
False
Is 27 a factor of 1080?
True
Is 6 a factor of 310?
False
Is 29 a factor of 957?
True
Is 79 a factor of 4187?
True
Is 168 a factor of 14132?
False
Does 3 divide 33?
True
Is 1550 a multiple of 62?
True
Is 26 a factor of 1414?
False
Does 25 divide 925?
True
Does 22 divide 1383?
False
Is 2740 a multiple of 8?
False
Does 32 divide 59659?
False
Is 14 a factor of 53018?
True
Is 40733 a multiple of 107?
False
Does 39 divide 1365?
True
Is 7 a factor of 1022?
True
Is 6860 a multiple of 140?
True
Is 434 a multiple of 31?
True
Does 22 divide 1804?
True
Is 20 a factor of 30940?
True
Does 84 divide 1764?
True
Is 66 a factor of 4918?
False
Is 558 a multiple of 35?
False
Is 20 a factor of 403?
False
Does 37 divide 18389?
True
Is 369 a multiple of 18?
False
Is 15 a factor of 752?
False
Does 7 divide 308?
True
Is 4 a factor of 252?
True
Does 22 divide 22968?
True
Does 5 divide 520?
True
Is 8955 a multiple of 19?
False
Is 87 a factor of 1392?
True
Is 1215 a multiple of 9?
True
Is 5904 a multiple of 72?
True
Is 46 a factor of 691?
False
Is 15 a factor of 13365?
True
Is 44 a factor of 8489?
False
Is 30 a factor of 6750?
True
Is 9 a factor of 12187?
False
Is 20 a factor of 18034?
False
Is 12408 a multiple of 8?
True
Is 11580 a multiple of 12?
True
Does 4 divide 5353?
False
Is 240 a multiple of 8?
True
Is 150 a factor of 52800?
True
Is 330 a multiple of 10?
True
Is 34 a factor of 272?
True
Is 30 a factor of 2700?
True
Does 61 divide 1830?
True
Does 10 divide 928?
False
Is 6615 a multiple of 9?
True
Does 17 divide 68940?
False
Is 74193 a multiple of 47?
False
Is 1768 a multiple of 29?
False
Is 353 a factor of 58951?
True
Is 11 a factor of 31515?
True
Does 8 divide 760?
True
Does 17 divide 80414?
False
Does 79 divide 3002?
True
Is 31 a factor of 248?
True
Is 138 a factor of 3043?
False
Does 21 divide 1125?
False
Does 59 divide 913?
False
Does 182 divide 2002?
True
Is 7 a factor of 72336?
False
Is 90 a factor of 1550?
False
Is 35400 a multiple of 177?
True
Is 137 a factor of 49888?
False
Is 21 a factor of 8081?
False
Does 147 divide 14847?
True
Is 1119 a multiple of 41?
False
Is 34 a factor of 11480?
False
Does 125 divide 1750?
True
Is 2670 a multiple of 15?
True
Is 280 a multiple of 70?
True
Is 2 a factor of 113?
False
Is 56062 a multiple of 76?
False
Does 93 divide 4929?
True
Is 41 a factor of 5529?
False
Does 20 divide 4271?
False
Is 19 a factor of 247?
True
Is 1589 a multiple of 24?
False
Is 8120 a multiple of 64?
False
Is 1186 a multiple of 14?
False
Is 341 a multiple of 121?
False
Is 7 a factor of 203?
True
Is 9 a factor of 37032?
False
Is 94923 a multiple of 27?
False
Is 7712 a multiple of 32?
True
Is 7333 a multiple of 21?
False
Is 6139 a multiple of 28?
False
Is 12343 a multiple of 133?
False
Is 20 a factor of 851?
False
Does 129 divide 10707?
True
Does 16 divide 10146?
False
Is 45 a factor of 17865?
True
Is 1536 a multiple of 16?
True
Is 3570 a multiple of 2?
True
Is 38887 a multiple of 37?
True
Does 9 divide 1954?
False
Does 10 divide 3410?
True
Is 63 a factor of 4914?
True
Does 25 divide 1591?
False
Is 968 a multiple of 4?
True
I